{"id":112,"date":"2021-04-13T20:09:17","date_gmt":"2021-04-13T20:09:17","guid":{"rendered":"http:\/\/clinicahortoflorestal.com.br\/?page_id=112"},"modified":"2023-12-13T18:14:17","modified_gmt":"2023-12-13T18:14:17","slug":"nova-casa","status":"publish","type":"page","link":"https:\/\/casaderepousonohorto.com.br\/index.php\/nova-casa\/","title":{"rendered":"Nossa Casa"},"content":{"rendered":"\t\t<div data-elementor-type=\"wp-page\" data-elementor-id=\"112\" class=\"elementor elementor-112\">\n\t\t\t\t\t\t<section class=\"elementor-section elementor-top-section elementor-element elementor-element-40eda23 elementor-section-boxed elementor-section-height-default elementor-section-height-default wpr-particle-no wpr-jarallax-no wpr-parallax-no wpr-sticky-section-no\" data-id=\"40eda23\" data-element_type=\"section\">\n\t\t\t\t\t\t<div class=\"elementor-container elementor-column-gap-default\">\n\t\t\t\t\t<div class=\"elementor-column elementor-col-33 elementor-top-column elementor-element elementor-element-675e4a5\" data-id=\"675e4a5\" data-element_type=\"column\">\n\t\t\t<div class=\"elementor-widget-wrap\">\n\t\t\t\t\t\t\t<\/div>\n\t\t<\/div>\n\t\t\t\t<div class=\"elementor-column elementor-col-33 elementor-top-column elementor-element elementor-element-1afa4ac\" data-id=\"1afa4ac\" data-element_type=\"column\">\n\t\t\t<div class=\"elementor-widget-wrap elementor-element-populated\">\n\t\t\t\t\t\t<div class=\"elementor-element elementor-element-be9fc09 elementor-widget elementor-widget-heading\" data-id=\"be9fc09\" data-element_type=\"widget\" data-widget_type=\"heading.default\">\n\t\t\t\t<div class=\"elementor-widget-container\">\n\t\t\t\t\t<h2 class=\"elementor-heading-title elementor-size-default\">Nossa Casa tem Vida<\/h2>\t\t\t\t<\/div>\n\t\t\t\t<\/div>\n\t\t\t\t<div class=\"elementor-element elementor-element-342fb42 elementor-widget elementor-widget-text-editor\" data-id=\"342fb42\" data-element_type=\"widget\" data-widget_type=\"text-editor.default\">\n\t\t\t\t<div class=\"elementor-widget-container\">\n\t\t\t\t\t\t\t\t\t<p style=\"text-align: left;\">A <strong>Cl\u00ednica de Repouso Horto Florestal<\/strong>, fundada em 1972 pelo m\u00e9dico Dr. Chafik Curi, cuida de pessoas em diferentes condi\u00e7\u00f5es de sa\u00fade.<br \/>Com amor, respeito e profissionalismo, oferece aos seus residentes um verdadeiro lar.<\/p><p style=\"text-align: left;\">Integrando excelente servi\u00e7o de moradia e competente equipe formada por m\u00e9dicos, enfermeira, fisioterapeuta, nutricionista e apoio psicol\u00f3gico, a <strong>Cl\u00ednica de Repouso Horto Florestal<\/strong> proporciona aos residentes uma rotina tranquila, assegurando a certeza de muito carinho e bem estar. Conta ainda com a op\u00e7\u00e3o de <strong>&#8220;Casa Dia&#8221;<\/strong>, uma boa alternativa para aqueles que desejam usufruir dos servi\u00e7os por apenas um per\u00edodo.<\/p><p style=\"text-align: left;\">Esse agrad\u00e1vel recanto mant\u00e9m o conceito fam\u00edlia em seu atendimento, aliando t\u00e9cnica atualizadas aos seus servi\u00e7os.<\/p><p style=\"text-align: left;\">Localizada em uma das melhores regi\u00f5es de S\u00e3o Paulo, tem o privil\u00e9gio de estar ao lado de <strong>Parque Estadual Horto Florestal<\/strong> desfrutando assim, de ar puro e bel\u00edssima paisagem.<\/p><p style=\"text-align: left;\">Repouso Horto Florestal.<\/p><p style=\"text-align: left;\">Mais do que uma casa, um lar para aquele que voc\u00ea ama.<\/p>\t\t\t\t\t\t\t\t<\/div>\n\t\t\t\t<\/div>\n\t\t\t\t\t<\/div>\n\t\t<\/div>\n\t\t\t\t<div class=\"elementor-column elementor-col-33 elementor-top-column elementor-element elementor-element-9731fcf\" data-id=\"9731fcf\" data-element_type=\"column\">\n\t\t\t<div class=\"elementor-widget-wrap\">\n\t\t\t\t\t\t\t<\/div>\n\t\t<\/div>\n\t\t\t\t\t<\/div>\n\t\t<\/section>\n\t\t\t\t<\/div>\n\t\t","protected":false},"excerpt":{"rendered":"<p>Nossa Casa tem Vida A Cl\u00ednica de Repouso Horto Florestal, fundada em 1972 pelo m\u00e9dico Dr. Chafik Curi, cuida de pessoas em diferentes condi\u00e7\u00f5es de sa\u00fade.Com amor, respeito e profissionalismo, oferece aos seus residentes um verdadeiro lar. Integrando excelente servi\u00e7o de moradia e competente equipe formada por m\u00e9dicos, enfermeira, fisioterapeuta, nutricionista e apoio psicol\u00f3gico, a Cl\u00ednica de Repouso Horto Florestal proporciona aos residentes uma rotina tranquila, assegurando a certeza de muito carinho e bem estar. Conta ainda com a op\u00e7\u00e3o de &#8220;Casa Dia&#8221;, uma boa alternativa para aqueles que desejam usufruir dos servi\u00e7os por apenas um per\u00edodo. Esse agrad\u00e1vel recanto mant\u00e9m o conceito fam\u00edlia em seu atendimento, aliando t\u00e9cnica atualizadas aos seus servi\u00e7os. Localizada em uma das melhores regi\u00f5es de S\u00e3o Paulo, tem o privil\u00e9gio de estar ao lado de Parque Estadual Horto Florestal desfrutando assim, de ar puro e bel\u00edssima paisagem. Repouso Horto Florestal. Mais do que uma casa, um lar para aquele que voc\u00ea ama.<\/p>\n","protected":false},"author":1,"featured_media":0,"parent":0,"menu_order":0,"comment_status":"closed","ping_status":"closed","template":"elementor_header_footer","meta":{"_joinchat":[],"footnotes":""},"class_list":["post-112","page","type-page","status-publish","hentry"],"_links":{"self":[{"href":"https:\/\/casaderepousonohorto.com.br\/index.php\/wp-json\/wp\/v2\/pages\/112","targetHints":{"allow":["GET"]}}],"collection":[{"href":"https:\/\/casaderepousonohorto.com.br\/index.php\/wp-json\/wp\/v2\/pages"}],"about":[{"href":"https:\/\/casaderepousonohorto.com.br\/index.php\/wp-json\/wp\/v2\/types\/page"}],"author":[{"embeddable":true,"href":"https:\/\/casaderepousonohorto.com.br\/index.php\/wp-json\/wp\/v2\/users\/1"}],"replies":[{"embeddable":true,"href":"https:\/\/casaderepousonohorto.com.br\/index.php\/wp-json\/wp\/v2\/comments?post=112"}],"version-history":[{"count":3,"href":"https:\/\/casaderepousonohorto.com.br\/index.php\/wp-json\/wp\/v2\/pages\/112\/revisions"}],"predecessor-version":[{"id":1558,"href":"https:\/\/casaderepousonohorto.com.br\/index.php\/wp-json\/wp\/v2\/pages\/112\/revisions\/1558"}],"wp:attachment":[{"href":"https:\/\/casaderepousonohorto.com.br\/index.php\/wp-json\/wp\/v2\/media?parent=112"}],"curies":[{"name":"wp","href":"https:\/\/api.w.org\/{rel}","templated":true}]}}