{"id":113,"date":"2021-04-13T20:44:24","date_gmt":"2021-04-13T20:44:24","guid":{"rendered":"http:\/\/clinicahortoflorestal.com.br\/?page_id=113"},"modified":"2023-12-20T01:03:23","modified_gmt":"2023-12-20T01:03:23","slug":"depoimento","status":"publish","type":"page","link":"https:\/\/casaderepousonohorto.com.br\/index.php\/depoimento\/","title":{"rendered":"Depoimento"},"content":{"rendered":"\t\t<div data-elementor-type=\"wp-page\" data-elementor-id=\"113\" class=\"elementor elementor-113\">\n\t\t\t\t\t\t<section class=\"elementor-section elementor-top-section elementor-element elementor-element-1ca17b3 elementor-section-boxed elementor-section-height-default elementor-section-height-default wpr-particle-no wpr-jarallax-no wpr-parallax-no wpr-sticky-section-no\" data-id=\"1ca17b3\" data-element_type=\"section\">\n\t\t\t\t\t\t<div class=\"elementor-container elementor-column-gap-default\">\n\t\t\t\t\t<div class=\"elementor-column elementor-col-100 elementor-top-column elementor-element elementor-element-ccd17ac\" data-id=\"ccd17ac\" data-element_type=\"column\">\n\t\t\t<div class=\"elementor-widget-wrap elementor-element-populated\">\n\t\t\t\t\t\t<div class=\"elementor-element elementor-element-9497848 elementor-widget elementor-widget-heading\" data-id=\"9497848\" data-element_type=\"widget\" data-widget_type=\"heading.default\">\n\t\t\t\t<div class=\"elementor-widget-container\">\n\t\t\t\t\t<h2 class=\"elementor-heading-title elementor-size-default\">Depoimento<\/h2>\t\t\t\t<\/div>\n\t\t\t\t<\/div>\n\t\t\t\t\t<\/div>\n\t\t<\/div>\n\t\t\t\t\t<\/div>\n\t\t<\/section>\n\t\t\t\t<section class=\"elementor-section elementor-top-section elementor-element elementor-element-085b749 elementor-section-full_width elementor-section-height-default elementor-section-height-default wpr-particle-no wpr-jarallax-no wpr-parallax-no wpr-sticky-section-no\" data-id=\"085b749\" data-element_type=\"section\">\n\t\t\t\t\t\t<div class=\"elementor-container elementor-column-gap-no\">\n\t\t\t\t\t<div class=\"elementor-column elementor-col-100 elementor-top-column elementor-element elementor-element-7a9aee5\" data-id=\"7a9aee5\" data-element_type=\"column\">\n\t\t\t<div class=\"elementor-widget-wrap elementor-element-populated\">\n\t\t\t\t\t\t<div class=\"elementor-element elementor-element-bd94319 wpr-testimonial-slider-columns-1 wpr-testimonial-slider-columns--tablet2 wpr-testimonial-slider-columns--mobile1 wpr-testimonial-rating-style_2 wpr-testimonial-meta-position-bottom wpr-testimonial-meta-align-center wpr-testimonial-image-position-center elementor-widget elementor-widget-wpr-testimonial\" data-id=\"bd94319\" data-element_type=\"widget\" data-settings=\"{&quot;testimonial_amount&quot;:&quot;1&quot;,&quot;testimonial_slides_to_scroll&quot;:1,&quot;testimonial_amount_tablet&quot;:2,&quot;testimonial_amount_mobile&quot;:1,&quot;testimonial_loop&quot;:&quot;yes&quot;}\" data-widget_type=\"wpr-testimonial.default\">\n\t\t\t\t<div class=\"elementor-widget-container\">\n\t\t\t\t\t\t\t<div class=\"wpr-testimonial-carousel-wrap\">\n\t\t\t\n\t\t\t<div class=\"wpr-testimonial-carousel\" dir=\"ltr\" data-slick=\"{&quot;rtl&quot;:false,&quot;infinite&quot;:true,&quot;speed&quot;:700,&quot;arrows&quot;:true,&quot;dots&quot;:true,&quot;autoplay&quot;:false,&quot;autoplaySpeed&quot;:0,&quot;pauseOnHover&quot;:&quot;&quot;,&quot;prevArrow&quot;:&quot;#wpr-testimonial-prev-bd94319&quot;,&quot;nextArrow&quot;:&quot;#wpr-testimonial-next-bd94319&quot;,&quot;sliderSlidesToScroll&quot;:1}\" data-slide-effect=\"slide\">\n\t\t\t\t\t\n\t\t\t\t\t\n\t\t\t\t\t\t\t\t\t\t\t\n\t\t\t\t\t\t<div class=\"wpr-testimonial-item elementor-repeater-item-f6cc1f2 elementor-clearfix\">\n\t\t\t\t\t\t\t\n\t\t\t\t\t\t\t<div class=\"wpr-testimonial-meta elementor-clearfix\">\n\t\t\t\t\t\t\t\t<div class=\"wpr-testimonial-meta-inner\">\n\t\t\t\t\t\t\t\t\n\t\t\n\t\t\t\n\t\t<div class=\"wpr-testimonial-meta-content-wrap\">\n\t\t\t\n\t\t\t\n\t\t\t\n\t\t<\/div>\n\t\t\t\t\t\t\t\t\t\t<\/div>\n\t\t\t\t\t\t\t<\/div>\n\n\t\t\t\t\t\t\t\n\t\t<div class=\"wpr-testimonial-content-wrap\">\n\t\t\t<div class=\"wpr-testimonial-content-inner\">\n\t\t\t\n\t\t\t\t\t\t\t<div class=\"wpr-testimonial-title\">VERA SARAIVA<\/div>\n\t\t\t\n\t\t\t\t\t\t\t\t\n\n\t\t\t<div class=\"wpr-testimonial-rating\">\n\t\t\t\n\n                                    \n                                                    <i class=\"wpr-rating-icon-full\">&#9734;<\/i>\n                        \n                                    \n\n\t     \t\n\n                                    \n                                                    <i class=\"wpr-rating-icon-full\">&#9734;<\/i>\n                        \n                                    \n\n\t     \t\n\n                                    \n                                                    <i class=\"wpr-rating-icon-full\">&#9734;<\/i>\n                        \n                                    \n\n\t     \t\n\n                                    \n                                                    <i class=\"wpr-rating-icon-full\">&#9734;<\/i>\n                        \n                                    \n\n\t     \t\n\n                                    \n                                                    <i class=\"wpr-rating-icon-full\">&#9734;<\/i>\n                        \n                                    \n\n\t     \t\n\t     \t\t\t\t<\/div>\n\n\t\t\t\t\n\t\t\t\t\t\t\t<div class=\"wpr-testimonial-content\">\n\t\t\t\t\t\n\t\t\t\t\t<p><p>Meu nome \u00e9 VERA SARAIVA, tenho 74 anos e sou assistente social aposentada onde trabalhei no IAMSP (hospital do servidor P\u00fablico estadual) durante 20 anos.<\/p><p>Tive a oportunidade de conhecer a clinica em meados dos anos 70 pela fam\u00edlia CURY, onde acompanhava pacientes da Neurologia.<\/p><p>Em 2012 fui diagnosticada com PARKINSON onde ao longo de 3 anos fui me sentindo debilitada.<\/p><p>Estou na Resid\u00eancia Horto florestal a 4 anos e tenho acompanhamento que necessito e gra\u00e7as a Deus estou muito feliz!<\/p><\/p>\n\t\t\t\t<\/div>\n\t\t\t\n\t\t\t\n\t\t\t\t\t\t<\/div>\n\t\t<\/div>\n\n\t    \n\t\t\t\t\t\t\t\n\t\t\t\t\t\t<\/div>\n\t\t\t\t\t\t\n\t\t\t\t\t\t\t\t\t\t\t\n\t\t\t\t\t\t<div class=\"wpr-testimonial-item elementor-repeater-item-9ae170e elementor-clearfix\">\n\t\t\t\t\t\t\t\n\t\t\t\t\t\t\t<div class=\"wpr-testimonial-meta elementor-clearfix\">\n\t\t\t\t\t\t\t\t<div class=\"wpr-testimonial-meta-inner\">\n\t\t\t\t\t\t\t\t\n\t\t\n\t\t\t\n\t\t<div class=\"wpr-testimonial-meta-content-wrap\">\n\t\t\t\n\t\t\t\n\t\t\t\n\t\t<\/div>\n\t\t\t\t\t\t\t\t\t\t<\/div>\n\t\t\t\t\t\t\t<\/div>\n\n\t\t\t\t\t\t\t\n\t\t<div class=\"wpr-testimonial-content-wrap\">\n\t\t\t<div class=\"wpr-testimonial-content-inner\">\n\t\t\t\n\t\t\t\t\t\t\t<div class=\"wpr-testimonial-title\">MARLY C. CAMPELLO<\/div>\n\t\t\t\n\t\t\t\t\t\t\t\t\n\n\t\t\t<div class=\"wpr-testimonial-rating\">\n\t\t\t\n\n                                    \n                                                    <i class=\"wpr-rating-icon-full\">&#9734;<\/i>\n                        \n                                    \n\n\t     \t\n\n                                    \n                                                    <i class=\"wpr-rating-icon-full\">&#9734;<\/i>\n                        \n                                    \n\n\t     \t\n\n                                    \n                                                    <i class=\"wpr-rating-icon-full\">&#9734;<\/i>\n                        \n                                    \n\n\t     \t\n\n                                    \n                                                    <i class=\"wpr-rating-icon-full\">&#9734;<\/i>\n                        \n                                    \n\n\t     \t\n\n                                    \n                                                    <i class=\"wpr-rating-icon-full\">&#9734;<\/i>\n                        \n                                    \n\n\t     \t\n\t     \t\t\t\t<\/div>\n\n\t\t\t\t\n\t\t\t\t\t\t\t<div class=\"wpr-testimonial-content\">\n\t\t\t\t\t\n\t\t\t\t\t<p><p>Meu nome \u00e9 Marly, sou curadora da Residente KAZUE KUROIWA 72 solteira, n\u00e3o teve filhos porem 02 irm\u00e3os que n\u00e3o tinham condi\u00e7\u00f5es de cuidar da mesma por ser de mais idade.<\/p><p>Atrav\u00e9s de termos legais conseguimos institucionaliza-la. Onde estamos completamente felizes pela assist\u00eancia e cuidados que a institui\u00e7\u00e3o tem com nossa idosa.<\/p><p>J\u00e1 faz mais de 08 anos que ela reside aqui e a cada dia vemos o carinho e o respeito que todos da institui\u00e7\u00e3o tem por ela.. Agrade\u00e7o a Deus e a todos por isso... Obrigada!<\/p><\/p>\n\t\t\t\t<\/div>\n\t\t\t\n\t\t\t\n\t\t\t\t\t\t<\/div>\n\t\t<\/div>\n\n\t    \n\t\t\t\t\t\t\t\n\t\t\t\t\t\t<\/div>\n\t\t\t\t\t\t\n\t\t\t\t\t\t\t\t\t\t\t\n\t\t\t\t\t\t<div class=\"wpr-testimonial-item elementor-repeater-item-87d1dd2 elementor-clearfix\">\n\t\t\t\t\t\t\t\n\t\t\t\t\t\t\t<div class=\"wpr-testimonial-meta elementor-clearfix\">\n\t\t\t\t\t\t\t\t<div class=\"wpr-testimonial-meta-inner\">\n\t\t\t\t\t\t\t\t\n\t\t\n\t\t\t\n\t\t<div class=\"wpr-testimonial-meta-content-wrap\">\n\t\t\t\n\t\t\t\n\t\t\t\n\t\t<\/div>\n\t\t\t\t\t\t\t\t\t\t<\/div>\n\t\t\t\t\t\t\t<\/div>\n\n\t\t\t\t\t\t\t\n\t\t<div class=\"wpr-testimonial-content-wrap\">\n\t\t\t<div class=\"wpr-testimonial-content-inner\">\n\t\t\t\n\t\t\t\t\t\t\t<div class=\"wpr-testimonial-title\">VERA DULCE D. CAMPOS<\/div>\n\t\t\t\n\t\t\t\t\t\t\t\t\n\n\t\t\t<div class=\"wpr-testimonial-rating\">\n\t\t\t\n\n                                    \n                                                    <i class=\"wpr-rating-icon-full\">&#9734;<\/i>\n                        \n                                    \n\n\t     \t\n\n                                    \n                                                    <i class=\"wpr-rating-icon-full\">&#9734;<\/i>\n                        \n                                    \n\n\t     \t\n\n                                    \n                                                    <i class=\"wpr-rating-icon-full\">&#9734;<\/i>\n                        \n                                    \n\n\t     \t\n\n                                    \n                                                    <i class=\"wpr-rating-icon-full\">&#9734;<\/i>\n                        \n                                    \n\n\t     \t\n\n                                    \n                                                    <i class=\"wpr-rating-icon-full\">&#9734;<\/i>\n                        \n                                    \n\n\t     \t\n\t     \t\t\t\t<\/div>\n\n\t\t\t\t\n\t\t\t\t\t\t\t<div class=\"wpr-testimonial-content\">\n\t\t\t\t\t\n\t\t\t\t\t<p><p>Tenho 67 anos e moro na institui\u00e7\u00e3o a 7 anos. Tive um derrame em 2012 onde paralisou o lado esquerdo do meu corpo.<\/p><p>Recebo toda ajuda que necessito na institui\u00e7\u00e3o e me sinto muito feliz em estar fazendo parte hoje dessa fam\u00edlia. Obrigado a todos!<\/p><\/p>\n\t\t\t\t<\/div>\n\t\t\t\n\t\t\t\n\t\t\t\t\t\t<\/div>\n\t\t<\/div>\n\n\t    \n\t\t\t\t\t\t\t\n\t\t\t\t\t\t<\/div>\n\t\t\t\t\t\t\t\t\t<\/div>\n\n\t\t\t<div class=\"wpr-testimonial-controls\">\n\t\t\t\t<div class=\"wpr-testimonial-dots\"><\/div>\n\t\t\t<\/div>\n\n\t\t\t<div class=\"wpr-testimonial-arrow-container\">\n\t\t\t\t<div class=\"wpr-testimonial-prev-arrow wpr-testimonial-arrow\" id=\"wpr-testimonial-prev-bd94319\">\n\t\t\t\t\t<i class=\"fas fa-long-arrow-alt-left\"><\/i>\t\t\t\t<\/div>\n\t\t\t\t<div class=\"wpr-testimonial-next-arrow wpr-testimonial-arrow\" id=\"wpr-testimonial-next-bd94319\">\n\t\t\t\t\t<i class=\"fas fa-long-arrow-alt-left\"><\/i>\t\t\t\t<\/div>\n\t\t\t<\/div>\n\t\t<\/div>\n\n\t\t\t\t\t<\/div>\n\t\t\t\t<\/div>\n\t\t\t\t\t<\/div>\n\t\t<\/div>\n\t\t\t\t\t<\/div>\n\t\t<\/section>\n\t\t\t\t<\/div>\n\t\t","protected":false},"excerpt":{"rendered":"<p>Depoimento VERA SARAIVA &#9734; &#9734; &#9734; &#9734; &#9734; Meu nome \u00e9 VERA SARAIVA, tenho 74 anos e sou assistente social aposentada onde trabalhei no IAMSP (hospital do servidor P\u00fablico estadual) durante 20 anos. Tive a oportunidade de conhecer a clinica em meados dos anos 70 pela fam\u00edlia CURY, onde acompanhava pacientes da Neurologia. Em 2012 fui diagnosticada com PARKINSON onde ao longo de 3 anos fui me sentindo debilitada. Estou na Resid\u00eancia Horto florestal a 4 anos e tenho acompanhamento que necessito e gra\u00e7as a Deus estou muito feliz! MARLY C. CAMPELLO &#9734; &#9734; &#9734; &#9734; &#9734; Meu nome \u00e9 Marly, sou curadora da Residente KAZUE KUROIWA 72 solteira, n\u00e3o teve filhos porem 02 irm\u00e3os que n\u00e3o tinham condi\u00e7\u00f5es de cuidar da mesma por ser de mais idade. Atrav\u00e9s de termos legais conseguimos institucionaliza-la. Onde estamos completamente felizes pela assist\u00eancia e cuidados que a institui\u00e7\u00e3o tem com nossa idosa. J\u00e1 faz mais de 08 anos que ela reside aqui e a cada dia vemos o carinho e o respeito que todos da institui\u00e7\u00e3o tem por ela.. Agrade\u00e7o a Deus e a todos por isso&#8230; Obrigada! VERA DULCE D. CAMPOS &#9734; &#9734; &#9734; &#9734; &#9734; Tenho 67 anos e moro na institui\u00e7\u00e3o a 7 anos. Tive um derrame em 2012 onde paralisou o lado esquerdo do meu corpo. Recebo toda ajuda que necessito na institui\u00e7\u00e3o e me sinto muito feliz em estar fazendo parte hoje dessa fam\u00edlia. Obrigado a todos!<\/p>\n","protected":false},"author":1,"featured_media":0,"parent":0,"menu_order":0,"comment_status":"closed","ping_status":"closed","template":"elementor_header_footer","meta":{"_joinchat":[],"footnotes":""},"class_list":["post-113","page","type-page","status-publish","hentry"],"_links":{"self":[{"href":"https:\/\/casaderepousonohorto.com.br\/index.php\/wp-json\/wp\/v2\/pages\/113","targetHints":{"allow":["GET"]}}],"collection":[{"href":"https:\/\/casaderepousonohorto.com.br\/index.php\/wp-json\/wp\/v2\/pages"}],"about":[{"href":"https:\/\/casaderepousonohorto.com.br\/index.php\/wp-json\/wp\/v2\/types\/page"}],"author":[{"embeddable":true,"href":"https:\/\/casaderepousonohorto.com.br\/index.php\/wp-json\/wp\/v2\/users\/1"}],"replies":[{"embeddable":true,"href":"https:\/\/casaderepousonohorto.com.br\/index.php\/wp-json\/wp\/v2\/comments?post=113"}],"version-history":[{"count":3,"href":"https:\/\/casaderepousonohorto.com.br\/index.php\/wp-json\/wp\/v2\/pages\/113\/revisions"}],"predecessor-version":[{"id":1724,"href":"https:\/\/casaderepousonohorto.com.br\/index.php\/wp-json\/wp\/v2\/pages\/113\/revisions\/1724"}],"wp:attachment":[{"href":"https:\/\/casaderepousonohorto.com.br\/index.php\/wp-json\/wp\/v2\/media?parent=113"}],"curies":[{"name":"wp","href":"https:\/\/api.w.org\/{rel}","templated":true}]}}

<div data-elementor-type="wp-page" data-elementor-id="113" class="elementor elementor-113">
						<section class="elementor-section elementor-top-section elementor-element elementor-element-1ca17b3 elementor-section-boxed elementor-section-height-default elementor-section-height-default wpr-particle-no wpr-jarallax-no wpr-parallax-no wpr-sticky-section-no" data-id="1ca17b3" data-element_type="section">
						<div class="elementor-container elementor-column-gap-default">
					<div class="elementor-column elementor-col-100 elementor-top-column elementor-element elementor-element-ccd17ac" data-id="ccd17ac" data-element_type="column">
			<div class="elementor-widget-wrap elementor-element-populated">
						<div class="elementor-element elementor-element-9497848 elementor-widget elementor-widget-heading" data-id="9497848" data-element_type="widget" data-widget_type="heading.default">
				<div class="elementor-widget-container">
					<h2 class="elementor-heading-title elementor-size-default">Depoimento</h2>				</div>
				</div>
					</div>
		</div>
					</div>
		</section>
				<section class="elementor-section elementor-top-section elementor-element elementor-element-085b749 elementor-section-full_width elementor-section-height-default elementor-section-height-default wpr-particle-no wpr-jarallax-no wpr-parallax-no wpr-sticky-section-no" data-id="085b749" data-element_type="section">
						<div class="elementor-container elementor-column-gap-no">
					<div class="elementor-column elementor-col-100 elementor-top-column elementor-element elementor-element-7a9aee5" data-id="7a9aee5" data-element_type="column">
			<div class="elementor-widget-wrap elementor-element-populated">
						<div class="elementor-element elementor-element-bd94319 wpr-testimonial-slider-columns-1 wpr-testimonial-slider-columns--tablet2 wpr-testimonial-slider-columns--mobile1 wpr-testimonial-rating-style_2 wpr-testimonial-meta-position-bottom wpr-testimonial-meta-align-center wpr-testimonial-image-position-center elementor-widget elementor-widget-wpr-testimonial" data-id="bd94319" data-element_type="widget" data-settings="{&quot;testimonial_amount&quot;:&quot;1&quot;,&quot;testimonial_slides_to_scroll&quot;:1,&quot;testimonial_amount_tablet&quot;:2,&quot;testimonial_amount_mobile&quot;:1,&quot;testimonial_loop&quot;:&quot;yes&quot;}" data-widget_type="wpr-testimonial.default">
				<div class="elementor-widget-container">
							<div class="wpr-testimonial-carousel-wrap">
			
			<div class="wpr-testimonial-carousel" dir="ltr" data-slick="{&quot;rtl&quot;:false,&quot;infinite&quot;:true,&quot;speed&quot;:700,&quot;arrows&quot;:true,&quot;dots&quot;:true,&quot;autoplay&quot;:false,&quot;autoplaySpeed&quot;:0,&quot;pauseOnHover&quot;:&quot;&quot;,&quot;prevArrow&quot;:&quot;#wpr-testimonial-prev-bd94319&quot;,&quot;nextArrow&quot;:&quot;#wpr-testimonial-next-bd94319&quot;,&quot;sliderSlidesToScroll&quot;:1}" data-slide-effect="slide">
					
					
											
						<div class="wpr-testimonial-item elementor-repeater-item-f6cc1f2 elementor-clearfix">
							
							<div class="wpr-testimonial-meta elementor-clearfix">
								<div class="wpr-testimonial-meta-inner">
								
		
			
		<div class="wpr-testimonial-meta-content-wrap">
			
			
			
		</div>
										</div>
							</div>

							
		<div class="wpr-testimonial-content-wrap">
			<div class="wpr-testimonial-content-inner">
			
							<div class="wpr-testimonial-title">VERA SARAIVA</div>
			
								

			<div class="wpr-testimonial-rating">
			

                                    
                                                    <i class="wpr-rating-icon-full">&#9734;</i>
                        
                                    

	     	

                                    
                                                    <i class="wpr-rating-icon-full">&#9734;</i>
                        
                                    

	     	

                                    
                                                    <i class="wpr-rating-icon-full">&#9734;</i>
                        
                                    

	     	

                                    
                                                    <i class="wpr-rating-icon-full">&#9734;</i>
                        
                                    

	     	

                                    
                                                    <i class="wpr-rating-icon-full">&#9734;</i>
                        
                                    

	     	
	     				</div>

				
							<div class="wpr-testimonial-content">
					
					<p><p>Meu nome é VERA SARAIVA, tenho 74 anos e sou assistente social aposentada onde trabalhei no IAMSP (hospital do servidor Público estadual) durante 20 anos.</p><p>Tive a oportunidade de conhecer a clinica em meados dos anos 70 pela família CURY, onde acompanhava pacientes da Neurologia.</p><p>Em 2012 fui diagnosticada com PARKINSON onde ao longo de 3 anos fui me sentindo debilitada.</p><p>Estou na Residência Horto florestal a 4 anos e tenho acompanhamento que necessito e graças a Deus estou muito feliz!</p></p>
				</div>
			
			
						</div>
		</div>

	    
							
						</div>
						
											
						<div class="wpr-testimonial-item elementor-repeater-item-9ae170e elementor-clearfix">
							
							<div class="wpr-testimonial-meta elementor-clearfix">
								<div class="wpr-testimonial-meta-inner">
								
		
			
		<div class="wpr-testimonial-meta-content-wrap">
			
			
			
		</div>
										</div>
							</div>

							
		<div class="wpr-testimonial-content-wrap">
			<div class="wpr-testimonial-content-inner">
			
							<div class="wpr-testimonial-title">MARLY C. CAMPELLO</div>
			
								

			<div class="wpr-testimonial-rating">
			

                                    
                                                    <i class="wpr-rating-icon-full">&#9734;</i>
                        
                                    

	     	

                                    
                                                    <i class="wpr-rating-icon-full">&#9734;</i>
                        
                                    

	     	

                                    
                                                    <i class="wpr-rating-icon-full">&#9734;</i>
                        
                                    

	     	

                                    
                                                    <i class="wpr-rating-icon-full">&#9734;</i>
                        
                                    

	     	

                                    
                                                    <i class="wpr-rating-icon-full">&#9734;</i>
                        
                                    

	     	
	     				</div>

				
							<div class="wpr-testimonial-content">
					
					<p><p>Meu nome é Marly, sou curadora da Residente KAZUE KUROIWA 72 solteira, não teve filhos porem 02 irmãos que não tinham condições de cuidar da mesma por ser de mais idade.</p><p>Através de termos legais conseguimos institucionaliza-la. Onde estamos completamente felizes pela assistência e cuidados que a instituição tem com nossa idosa.</p><p>Já faz mais de 08 anos que ela reside aqui e a cada dia vemos o carinho e o respeito que todos da instituição tem por ela.. Agradeço a Deus e a todos por isso... Obrigada!</p></p>
				</div>
			
			
						</div>
		</div>

	    
							
						</div>
						
											
						<div class="wpr-testimonial-item elementor-repeater-item-87d1dd2 elementor-clearfix">
							
							<div class="wpr-testimonial-meta elementor-clearfix">
								<div class="wpr-testimonial-meta-inner">
								
		
			
		<div class="wpr-testimonial-meta-content-wrap">
			
			
			
		</div>
										</div>
							</div>

							
		<div class="wpr-testimonial-content-wrap">
			<div class="wpr-testimonial-content-inner">
			
							<div class="wpr-testimonial-title">VERA DULCE D. CAMPOS</div>
			
								

			<div class="wpr-testimonial-rating">
			

                                    
                                                    <i class="wpr-rating-icon-full">&#9734;</i>
                        
                                    

	     	

                                    
                                                    <i class="wpr-rating-icon-full">&#9734;</i>
                        
                                    

	     	

                                    
                                                    <i class="wpr-rating-icon-full">&#9734;</i>
                        
                                    

	     	

                                    
                                                    <i class="wpr-rating-icon-full">&#9734;</i>
                        
                                    

	     	

                                    
                                                    <i class="wpr-rating-icon-full">&#9734;</i>
                        
                                    

	     	
	     				</div>

				
							<div class="wpr-testimonial-content">
					
					<p><p>Tenho 67 anos e moro na instituição a 7 anos. Tive um derrame em 2012 onde paralisou o lado esquerdo do meu corpo.</p><p>Recebo toda ajuda que necessito na instituição e me sinto muito feliz em estar fazendo parte hoje dessa família. Obrigado a todos!</p></p>
				</div>
			
			
						</div>
		</div>

	    
							
						</div>
									</div>

			<div class="wpr-testimonial-controls">
				<div class="wpr-testimonial-dots"></div>
			</div>

			<div class="wpr-testimonial-arrow-container">
				<div class="wpr-testimonial-prev-arrow wpr-testimonial-arrow" id="wpr-testimonial-prev-bd94319">
					<i class="fas fa-long-arrow-alt-left"></i>				</div>
				<div class="wpr-testimonial-next-arrow wpr-testimonial-arrow" id="wpr-testimonial-next-bd94319">
					<i class="fas fa-long-arrow-alt-left"></i>				</div>
			</div>
		</div>

					</div>
				</div>
					</div>
		</div>
					</div>
		</section>
				</div>

<p>Depoimento VERA SARAIVA &#9734; &#9734; &#9734; &#9734; &#9734; Meu nome é VERA SARAIVA, tenho 74 anos e sou assistente social aposentada onde trabalhei no IAMSP (hospital do servidor Público estadual) durante 20 anos. Tive a oportunidade de conhecer a clinica em meados dos anos 70 pela família CURY, onde acompanhava pacientes da Neurologia. Em 2012 fui diagnosticada com PARKINSON onde ao longo de 3 anos fui me sentindo debilitada. Estou na Residência Horto florestal a 4 anos e tenho acompanhamento que necessito e graças a Deus estou muito feliz! MARLY C. CAMPELLO &#9734; &#9734; &#9734; &#9734; &#9734; Meu nome é Marly, sou curadora da Residente KAZUE KUROIWA 72 solteira, não teve filhos porem 02 irmãos que não tinham condições de cuidar da mesma por ser de mais idade. Através de termos legais conseguimos institucionaliza-la. Onde estamos completamente felizes pela assistência e cuidados que a instituição tem com nossa idosa. Já faz mais de 08 anos que ela reside aqui e a cada dia vemos o carinho e o respeito que todos da instituição tem por ela.. Agradeço a Deus e a todos por isso&#8230; Obrigada! VERA DULCE D. CAMPOS &#9734; &#9734; &#9734; &#9734; &#9734; Tenho 67 anos e moro na instituição a 7 anos. Tive um derrame em 2012 onde paralisou o lado esquerdo do meu corpo. Recebo toda ajuda que necessito na instituição e me sinto muito feliz em estar fazendo parte hoje dessa família. Obrigado a todos!</p>
