{"id":893,"date":"2022-02-02T18:35:47","date_gmt":"2022-02-02T18:35:47","guid":{"rendered":"http:\/\/clinicahortoflorestal.com.br\/?page_id=893"},"modified":"2023-12-14T15:06:58","modified_gmt":"2023-12-14T15:06:58","slug":"aniversariantes-do-mes-2021","status":"publish","type":"page","link":"https:\/\/casaderepousonohorto.com.br\/index.php\/aniversariantes-do-mes-2021\/","title":{"rendered":"Aniversariantes de 2021"},"content":{"rendered":"\t\t<div data-elementor-type=\"wp-page\" data-elementor-id=\"893\" class=\"elementor elementor-893\">\n\t\t\t\t\t\t<section class=\"elementor-section elementor-top-section elementor-element elementor-element-3f5470b elementor-section-boxed elementor-section-height-default elementor-section-height-default wpr-particle-no wpr-jarallax-no wpr-parallax-no wpr-sticky-section-no\" data-id=\"3f5470b\" data-element_type=\"section\">\n\t\t\t\t\t\t<div class=\"elementor-container elementor-column-gap-default\">\n\t\t\t\t\t<div class=\"elementor-column elementor-col-100 elementor-top-column elementor-element elementor-element-42294a1\" data-id=\"42294a1\" data-element_type=\"column\">\n\t\t\t<div class=\"elementor-widget-wrap elementor-element-populated\">\n\t\t\t\t\t\t<div class=\"elementor-element elementor-element-38c7168 elementor-widget elementor-widget-heading\" data-id=\"38c7168\" data-element_type=\"widget\" data-widget_type=\"heading.default\">\n\t\t\t\t<div class=\"elementor-widget-container\">\n\t\t\t\t\t<h2 class=\"elementor-heading-title elementor-size-default\">Aniversariantes de 2021<\/h2>\t\t\t\t<\/div>\n\t\t\t\t<\/div>\n\t\t\t\t\t<\/div>\n\t\t<\/div>\n\t\t\t\t\t<\/div>\n\t\t<\/section>\n\t\t\t\t<section class=\"elementor-section elementor-top-section elementor-element elementor-element-2473e2f elementor-section-boxed elementor-section-height-default elementor-section-height-default wpr-particle-no wpr-jarallax-no wpr-parallax-no wpr-sticky-section-no\" data-id=\"2473e2f\" data-element_type=\"section\">\n\t\t\t\t\t\t<div class=\"elementor-container elementor-column-gap-default\">\n\t\t\t\t\t<div class=\"elementor-column elementor-col-50 elementor-top-column elementor-element elementor-element-f824076\" data-id=\"f824076\" data-element_type=\"column\">\n\t\t\t<div class=\"elementor-widget-wrap elementor-element-populated\">\n\t\t\t\t\t\t<div class=\"elementor-element elementor-element-cb51419 elementor-position-top elementor-widget elementor-widget-image-box\" data-id=\"cb51419\" data-element_type=\"widget\" data-widget_type=\"image-box.default\">\n\t\t\t\t<div class=\"elementor-widget-container\">\n\t\t\t\t\t<div class=\"elementor-image-box-wrapper\"><figure class=\"elementor-image-box-img\"><a href=\"https:\/\/casaderepousonohorto.com.br\/index.php\/aniversariantes-do-mes\/\" tabindex=\"-1\"><img fetchpriority=\"high\" decoding=\"async\" width=\"1024\" height=\"1024\" src=\"https:\/\/casaderepousonohorto.com.br\/wp-content\/uploads\/2021\/08\/WhatsApp-Image-2021-08-10-at-15.09.00.jpeg\" class=\"attachment-full size-full wp-image-606\" alt=\"\" srcset=\"https:\/\/casaderepousonohorto.com.br\/wp-content\/uploads\/2021\/08\/WhatsApp-Image-2021-08-10-at-15.09.00.jpeg 1024w, https:\/\/casaderepousonohorto.com.br\/wp-content\/uploads\/2021\/08\/WhatsApp-Image-2021-08-10-at-15.09.00-300x300.jpeg 300w, https:\/\/casaderepousonohorto.com.br\/wp-content\/uploads\/2021\/08\/WhatsApp-Image-2021-08-10-at-15.09.00-150x150.jpeg 150w, https:\/\/casaderepousonohorto.com.br\/wp-content\/uploads\/2021\/08\/WhatsApp-Image-2021-08-10-at-15.09.00-768x768.jpeg 768w\" sizes=\"(max-width: 1024px) 100vw, 1024px\" \/><\/a><\/figure><div class=\"elementor-image-box-content\"><h3 class=\"elementor-image-box-title\"><a href=\"https:\/\/casaderepousonohorto.com.br\/index.php\/aniversariantes-do-mes\/\">Aniversariantes do M\u00eas<\/a><\/h3><\/div><\/div>\t\t\t\t<\/div>\n\t\t\t\t<\/div>\n\t\t\t\t\t<\/div>\n\t\t<\/div>\n\t\t\t\t<div class=\"elementor-column elementor-col-50 elementor-top-column elementor-element elementor-element-b2b8aad\" data-id=\"b2b8aad\" data-element_type=\"column\">\n\t\t\t<div class=\"elementor-widget-wrap elementor-element-populated\">\n\t\t\t\t\t\t<div class=\"elementor-element elementor-element-e881ee4 elementor-position-top elementor-widget elementor-widget-image-box\" data-id=\"e881ee4\" data-element_type=\"widget\" data-widget_type=\"image-box.default\">\n\t\t\t\t<div class=\"elementor-widget-container\">\n\t\t\t\t\t<div class=\"elementor-image-box-wrapper\"><figure class=\"elementor-image-box-img\"><a href=\"https:\/\/casaderepousonohorto.com.br\/index.php\/aniversariantes-abril\/\" tabindex=\"-1\"><img decoding=\"async\" width=\"1024\" height=\"1024\" src=\"https:\/\/casaderepousonohorto.com.br\/wp-content\/uploads\/2021\/04\/WhatsApp-Image-2021-04-24-at-14.46.47.jpeg\" class=\"attachment-full size-full wp-image-445\" alt=\"\" srcset=\"https:\/\/casaderepousonohorto.com.br\/wp-content\/uploads\/2021\/04\/WhatsApp-Image-2021-04-24-at-14.46.47.jpeg 1024w, https:\/\/casaderepousonohorto.com.br\/wp-content\/uploads\/2021\/04\/WhatsApp-Image-2021-04-24-at-14.46.47-300x300.jpeg 300w, https:\/\/casaderepousonohorto.com.br\/wp-content\/uploads\/2021\/04\/WhatsApp-Image-2021-04-24-at-14.46.47-150x150.jpeg 150w, https:\/\/casaderepousonohorto.com.br\/wp-content\/uploads\/2021\/04\/WhatsApp-Image-2021-04-24-at-14.46.47-768x768.jpeg 768w\" sizes=\"(max-width: 1024px) 100vw, 1024px\" \/><\/a><\/figure><div class=\"elementor-image-box-content\"><h3 class=\"elementor-image-box-title\"><a href=\"https:\/\/casaderepousonohorto.com.br\/index.php\/aniversariantes-abril\/\">Aniversariantes do M\u00eas de Abril<\/a><\/h3><\/div><\/div>\t\t\t\t<\/div>\n\t\t\t\t<\/div>\n\t\t\t\t\t<\/div>\n\t\t<\/div>\n\t\t\t\t\t<\/div>\n\t\t<\/section>\n\t\t\t\t<section class=\"elementor-section elementor-top-section elementor-element elementor-element-0377d6e elementor-section-boxed elementor-section-height-default elementor-section-height-default wpr-particle-no wpr-jarallax-no wpr-parallax-no wpr-sticky-section-no\" data-id=\"0377d6e\" data-element_type=\"section\">\n\t\t\t\t\t\t<div class=\"elementor-container elementor-column-gap-default\">\n\t\t\t\t\t<div class=\"elementor-column elementor-col-50 elementor-top-column elementor-element elementor-element-8ca23c8\" data-id=\"8ca23c8\" data-element_type=\"column\">\n\t\t\t<div class=\"elementor-widget-wrap elementor-element-populated\">\n\t\t\t\t\t\t<div class=\"elementor-element elementor-element-3537657 elementor-position-top elementor-widget elementor-widget-image-box\" data-id=\"3537657\" data-element_type=\"widget\" data-widget_type=\"image-box.default\">\n\t\t\t\t<div class=\"elementor-widget-container\">\n\t\t\t\t\t<div class=\"elementor-image-box-wrapper\"><figure class=\"elementor-image-box-img\"><a href=\"https:\/\/casaderepousonohorto.com.br\/index.php\/aniversariantes-agosto\/\" tabindex=\"-1\"><img decoding=\"async\" width=\"1024\" height=\"1024\" src=\"https:\/\/casaderepousonohorto.com.br\/wp-content\/uploads\/2021\/08\/WhatsApp-Image-2021-08-29-at-13.01.27-2-1.jpeg\" class=\"attachment-full size-full wp-image-661\" alt=\"\" srcset=\"https:\/\/casaderepousonohorto.com.br\/wp-content\/uploads\/2021\/08\/WhatsApp-Image-2021-08-29-at-13.01.27-2-1.jpeg 1024w, https:\/\/casaderepousonohorto.com.br\/wp-content\/uploads\/2021\/08\/WhatsApp-Image-2021-08-29-at-13.01.27-2-1-300x300.jpeg 300w, https:\/\/casaderepousonohorto.com.br\/wp-content\/uploads\/2021\/08\/WhatsApp-Image-2021-08-29-at-13.01.27-2-1-150x150.jpeg 150w, https:\/\/casaderepousonohorto.com.br\/wp-content\/uploads\/2021\/08\/WhatsApp-Image-2021-08-29-at-13.01.27-2-1-768x768.jpeg 768w\" sizes=\"(max-width: 1024px) 100vw, 1024px\" \/><\/a><\/figure><div class=\"elementor-image-box-content\"><h3 class=\"elementor-image-box-title\"><a href=\"https:\/\/casaderepousonohorto.com.br\/index.php\/aniversariantes-agosto\/\">Aniversariantes do M\u00eas de Agosto<\/a><\/h3><\/div><\/div>\t\t\t\t<\/div>\n\t\t\t\t<\/div>\n\t\t\t\t\t<\/div>\n\t\t<\/div>\n\t\t\t\t<div class=\"elementor-column elementor-col-50 elementor-top-column elementor-element elementor-element-8bad246\" data-id=\"8bad246\" data-element_type=\"column\">\n\t\t\t<div class=\"elementor-widget-wrap elementor-element-populated\">\n\t\t\t\t\t\t<div class=\"elementor-element elementor-element-cb100ce elementor-position-top elementor-widget elementor-widget-image-box\" data-id=\"cb100ce\" data-element_type=\"widget\" data-widget_type=\"image-box.default\">\n\t\t\t\t<div class=\"elementor-widget-container\">\n\t\t\t\t\t<div class=\"elementor-image-box-wrapper\"><figure class=\"elementor-image-box-img\"><a href=\"https:\/\/casaderepousonohorto.com.br\/index.php\/aniversariantes-setembro\/\" tabindex=\"-1\"><img loading=\"lazy\" decoding=\"async\" width=\"1024\" height=\"1024\" src=\"https:\/\/casaderepousonohorto.com.br\/wp-content\/uploads\/2021\/10\/WhatsApp-Image-2021-09-25-at-19.21.02.jpeg\" class=\"attachment-full size-full wp-image-740\" alt=\"\" srcset=\"https:\/\/casaderepousonohorto.com.br\/wp-content\/uploads\/2021\/10\/WhatsApp-Image-2021-09-25-at-19.21.02.jpeg 1024w, https:\/\/casaderepousonohorto.com.br\/wp-content\/uploads\/2021\/10\/WhatsApp-Image-2021-09-25-at-19.21.02-300x300.jpeg 300w, https:\/\/casaderepousonohorto.com.br\/wp-content\/uploads\/2021\/10\/WhatsApp-Image-2021-09-25-at-19.21.02-150x150.jpeg 150w, https:\/\/casaderepousonohorto.com.br\/wp-content\/uploads\/2021\/10\/WhatsApp-Image-2021-09-25-at-19.21.02-768x768.jpeg 768w\" sizes=\"(max-width: 1024px) 100vw, 1024px\" \/><\/a><\/figure><div class=\"elementor-image-box-content\"><h3 class=\"elementor-image-box-title\"><a href=\"https:\/\/casaderepousonohorto.com.br\/index.php\/aniversariantes-setembro\/\">Aniversariantes do m\u00eas de Setembro<\/a><\/h3><\/div><\/div>\t\t\t\t<\/div>\n\t\t\t\t<\/div>\n\t\t\t\t\t<\/div>\n\t\t<\/div>\n\t\t\t\t\t<\/div>\n\t\t<\/section>\n\t\t\t\t<section class=\"elementor-section elementor-top-section elementor-element elementor-element-9a44882 elementor-section-boxed elementor-section-height-default elementor-section-height-default wpr-particle-no wpr-jarallax-no wpr-parallax-no wpr-sticky-section-no\" data-id=\"9a44882\" data-element_type=\"section\">\n\t\t\t\t\t\t<div class=\"elementor-container elementor-column-gap-default\">\n\t\t\t\t\t<div class=\"elementor-column elementor-col-50 elementor-top-column elementor-element elementor-element-bbcd068\" data-id=\"bbcd068\" data-element_type=\"column\">\n\t\t\t<div class=\"elementor-widget-wrap elementor-element-populated\">\n\t\t\t\t\t\t<div class=\"elementor-element elementor-element-32db3c2 elementor-position-top elementor-widget elementor-widget-image-box\" data-id=\"32db3c2\" data-element_type=\"widget\" data-widget_type=\"image-box.default\">\n\t\t\t\t<div class=\"elementor-widget-container\">\n\t\t\t\t\t<div class=\"elementor-image-box-wrapper\"><figure class=\"elementor-image-box-img\"><a href=\"https:\/\/casaderepousonohorto.com.br\/index.php\/aniversariantes-do-mes-de-outubro\/\" tabindex=\"-1\"><img loading=\"lazy\" decoding=\"async\" width=\"1024\" height=\"1024\" src=\"https:\/\/casaderepousonohorto.com.br\/wp-content\/uploads\/2021\/11\/WhatsApp-Image-2021-11-01-at-10.33.07.jpeg\" class=\"attachment-full size-full wp-image-766\" alt=\"\" srcset=\"https:\/\/casaderepousonohorto.com.br\/wp-content\/uploads\/2021\/11\/WhatsApp-Image-2021-11-01-at-10.33.07.jpeg 1024w, https:\/\/casaderepousonohorto.com.br\/wp-content\/uploads\/2021\/11\/WhatsApp-Image-2021-11-01-at-10.33.07-300x300.jpeg 300w, https:\/\/casaderepousonohorto.com.br\/wp-content\/uploads\/2021\/11\/WhatsApp-Image-2021-11-01-at-10.33.07-150x150.jpeg 150w, https:\/\/casaderepousonohorto.com.br\/wp-content\/uploads\/2021\/11\/WhatsApp-Image-2021-11-01-at-10.33.07-768x768.jpeg 768w\" sizes=\"(max-width: 1024px) 100vw, 1024px\" \/><\/a><\/figure><div class=\"elementor-image-box-content\"><h3 class=\"elementor-image-box-title\"><a href=\"https:\/\/casaderepousonohorto.com.br\/index.php\/aniversariantes-do-mes-de-outubro\/\">Aniversariantes do m\u00eas de Outubro<\/a><\/h3><\/div><\/div>\t\t\t\t<\/div>\n\t\t\t\t<\/div>\n\t\t\t\t\t<\/div>\n\t\t<\/div>\n\t\t\t\t<div class=\"elementor-column elementor-col-50 elementor-top-column elementor-element elementor-element-ba2f3a6\" data-id=\"ba2f3a6\" data-element_type=\"column\">\n\t\t\t<div class=\"elementor-widget-wrap elementor-element-populated\">\n\t\t\t\t\t\t<div class=\"elementor-element elementor-element-be3d866 elementor-position-top elementor-widget elementor-widget-image-box\" data-id=\"be3d866\" data-element_type=\"widget\" data-widget_type=\"image-box.default\">\n\t\t\t\t<div class=\"elementor-widget-container\">\n\t\t\t\t\t<div class=\"elementor-image-box-wrapper\"><figure class=\"elementor-image-box-img\"><a href=\"https:\/\/casaderepousonohorto.com.br\/index.php\/aniversariantes-do-mes-de-novembro\/\" tabindex=\"-1\"><img loading=\"lazy\" decoding=\"async\" width=\"1024\" height=\"1024\" src=\"https:\/\/casaderepousonohorto.com.br\/wp-content\/uploads\/2021\/11\/WhatsApp-Image-2021-11-27-at-20.41.06.jpeg\" class=\"attachment-full size-full wp-image-818\" alt=\"\" srcset=\"https:\/\/casaderepousonohorto.com.br\/wp-content\/uploads\/2021\/11\/WhatsApp-Image-2021-11-27-at-20.41.06.jpeg 1024w, https:\/\/casaderepousonohorto.com.br\/wp-content\/uploads\/2021\/11\/WhatsApp-Image-2021-11-27-at-20.41.06-300x300.jpeg 300w, https:\/\/casaderepousonohorto.com.br\/wp-content\/uploads\/2021\/11\/WhatsApp-Image-2021-11-27-at-20.41.06-150x150.jpeg 150w, https:\/\/casaderepousonohorto.com.br\/wp-content\/uploads\/2021\/11\/WhatsApp-Image-2021-11-27-at-20.41.06-768x768.jpeg 768w\" sizes=\"(max-width: 1024px) 100vw, 1024px\" \/><\/a><\/figure><div class=\"elementor-image-box-content\"><h3 class=\"elementor-image-box-title\"><a href=\"https:\/\/casaderepousonohorto.com.br\/index.php\/aniversariantes-do-mes-de-novembro\/\">Aniversariantes do m\u00eas de Novembro<\/a><\/h3><\/div><\/div>\t\t\t\t<\/div>\n\t\t\t\t<\/div>\n\t\t\t\t\t<\/div>\n\t\t<\/div>\n\t\t\t\t\t<\/div>\n\t\t<\/section>\n\t\t\t\t<section class=\"elementor-section elementor-top-section elementor-element elementor-element-a6df903 elementor-section-boxed elementor-section-height-default elementor-section-height-default wpr-particle-no wpr-jarallax-no wpr-parallax-no wpr-sticky-section-no\" data-id=\"a6df903\" data-element_type=\"section\">\n\t\t\t\t\t\t<div class=\"elementor-container elementor-column-gap-default\">\n\t\t\t\t\t<div class=\"elementor-column elementor-col-50 elementor-top-column elementor-element elementor-element-d52dcfe\" data-id=\"d52dcfe\" data-element_type=\"column\">\n\t\t\t<div class=\"elementor-widget-wrap elementor-element-populated\">\n\t\t\t\t\t\t<div class=\"elementor-element elementor-element-70c0f20 elementor-position-top elementor-widget elementor-widget-image-box\" data-id=\"70c0f20\" data-element_type=\"widget\" data-widget_type=\"image-box.default\">\n\t\t\t\t<div class=\"elementor-widget-container\">\n\t\t\t\t\t<div class=\"elementor-image-box-wrapper\"><figure class=\"elementor-image-box-img\"><a href=\"https:\/\/casaderepousonohorto.com.br\/index.php\/aniversariantes-do-mes-de-dezembro\/\" tabindex=\"-1\"><img loading=\"lazy\" decoding=\"async\" width=\"1024\" height=\"1024\" src=\"https:\/\/casaderepousonohorto.com.br\/wp-content\/uploads\/2022\/01\/WhatsApp-Image-2021-12-28-at-17.15.31-2.jpeg\" class=\"attachment-full size-full wp-image-854\" alt=\"\" srcset=\"https:\/\/casaderepousonohorto.com.br\/wp-content\/uploads\/2022\/01\/WhatsApp-Image-2021-12-28-at-17.15.31-2.jpeg 1024w, https:\/\/casaderepousonohorto.com.br\/wp-content\/uploads\/2022\/01\/WhatsApp-Image-2021-12-28-at-17.15.31-2-300x300.jpeg 300w, https:\/\/casaderepousonohorto.com.br\/wp-content\/uploads\/2022\/01\/WhatsApp-Image-2021-12-28-at-17.15.31-2-150x150.jpeg 150w, https:\/\/casaderepousonohorto.com.br\/wp-content\/uploads\/2022\/01\/WhatsApp-Image-2021-12-28-at-17.15.31-2-768x768.jpeg 768w\" sizes=\"(max-width: 1024px) 100vw, 1024px\" \/><\/a><\/figure><div class=\"elementor-image-box-content\"><h3 class=\"elementor-image-box-title\"><a href=\"https:\/\/casaderepousonohorto.com.br\/index.php\/aniversariantes-do-mes-de-dezembro\/\">Aniversariantes do M\u00eas de Dezembro<\/a><\/h3><\/div><\/div>\t\t\t\t<\/div>\n\t\t\t\t<\/div>\n\t\t\t\t\t<\/div>\n\t\t<\/div>\n\t\t\t\t<div class=\"elementor-column elementor-col-50 elementor-top-column elementor-element elementor-element-c60744c\" data-id=\"c60744c\" data-element_type=\"column\">\n\t\t\t<div class=\"elementor-widget-wrap\">\n\t\t\t\t\t\t\t<\/div>\n\t\t<\/div>\n\t\t\t\t\t<\/div>\n\t\t<\/section>\n\t\t\t\t<\/div>\n\t\t","protected":false},"excerpt":{"rendered":"<p>Aniversariantes de 2021 Aniversariantes do M\u00eas Aniversariantes do M\u00eas de Abril Aniversariantes do M\u00eas de Agosto Aniversariantes do m\u00eas de Setembro Aniversariantes do m\u00eas de Outubro Aniversariantes do m\u00eas de Novembro Aniversariantes do M\u00eas de Dezembro<\/p>\n","protected":false},"author":1,"featured_media":0,"parent":0,"menu_order":0,"comment_status":"closed","ping_status":"closed","template":"elementor_header_footer","meta":{"_joinchat":[],"footnotes":""},"class_list":["post-893","page","type-page","status-publish","hentry"],"_links":{"self":[{"href":"https:\/\/casaderepousonohorto.com.br\/index.php\/wp-json\/wp\/v2\/pages\/893","targetHints":{"allow":["GET"]}}],"collection":[{"href":"https:\/\/casaderepousonohorto.com.br\/index.php\/wp-json\/wp\/v2\/pages"}],"about":[{"href":"https:\/\/casaderepousonohorto.com.br\/index.php\/wp-json\/wp\/v2\/types\/page"}],"author":[{"embeddable":true,"href":"https:\/\/casaderepousonohorto.com.br\/index.php\/wp-json\/wp\/v2\/users\/1"}],"replies":[{"embeddable":true,"href":"https:\/\/casaderepousonohorto.com.br\/index.php\/wp-json\/wp\/v2\/comments?post=893"}],"version-history":[{"count":12,"href":"https:\/\/casaderepousonohorto.com.br\/index.php\/wp-json\/wp\/v2\/pages\/893\/revisions"}],"predecessor-version":[{"id":1698,"href":"https:\/\/casaderepousonohorto.com.br\/index.php\/wp-json\/wp\/v2\/pages\/893\/revisions\/1698"}],"wp:attachment":[{"href":"https:\/\/casaderepousonohorto.com.br\/index.php\/wp-json\/wp\/v2\/media?parent=893"}],"curies":[{"name":"wp","href":"https:\/\/api.w.org\/{rel}","templated":true}]}}